 6*r. List the prime factors of n.
2, 3, 7, 17
Suppose 47710 = 28*a - 18902. What are the prime factors of a?
3, 13, 61
Suppose d + 4*w = 686, -3*d + 2036 = 9*w - 8*w. What are the prime factors of d?
2, 3, 113
Let l be 325/15 + 4/(-6). Suppose -t = -4*t + l. What are the prime factors of t?
7
Let a(v) = 17*v**2 + v + 7. Let b be a(-17). Suppose b - 723 = 20*r. List the prime factors of r.
11, 19
Suppose -3*n + 6*n + 21 = 0. Let j = 8 + n. What are the prime factors of (j*8)/(8/24)?
2, 3
Suppose 11*g = 13*g - 5140. List the prime factors of g.
2, 5, 257
Let l(p) = -20*p**2 - 125*p + 3. What are the prime factors of l(-5)?
2
Suppose 3*h + 2*q + 14 = -2*h, 5*q = 2*h - 6. Let p be (-34)/h - (-14)/(-14). Suppose 0 = d - 9 - p. List the prime factors of d.
5
Let c be 4*(72 - 3)/3. Suppose 2*f - 58 = u, -24 - c = -4*f + 4*u. What are the prime factors of f?
29
Let l(v) = -10*v**2 - 3*v + 6. Let n be l(-3). Let s = n + 86. List the prime factors of s.
11
Let g be 721/3 + (-6)/(-9). Let l = g - 139. Suppose -w - 2*w + l = 0. What are the prime factors of w?
2, 17
Let b = 286 + 167. List the prime factors of b.
3, 151
Let z = -57 + 58. What are the prime factors of (97/z)/((-4)/(-4))?
97
Suppose -3*l + 2 = 4*f, -27 = 2*l - 0*f - 3*f. What are the prime factors of ((l - 12/(-4)) + 5)*7?
2, 7
Let s(n) = -4*n - 16. Let m(g) = -4*g - 15. Let x(f) = 5*m(f) - 4*s(f). List the prime factors of x(-14).
3, 5
Suppose 0 = 3*c - 1 + 7. Let v(y) = -16*y - 6. List the prime factors of v(c).
2, 13
Suppose 13 = 4*b + r, -2*r + 5*r = 15. Let c be b - -9 - 4 - 3. Suppose 0 = 3*m + c - 97. List the prime factors of m.
31
Let w(a) = 10*a**2 + 4*a + 14. Let t be w(7). Suppose -3*j = -10*j + t. List the prime factors of j.
2, 19
Let w(l) = l**3 - 6*l + 4. Let x be w(4). Suppose 2*y + 14 = 2*t, 0*y + 4*t = -4*y - x. What are the prime factors of (12/y - -3)*3?
5
Let p(m) = 31*m**2 - 2*m + 6. What are the prime factors of p(-3)?
3, 97
Let v = 7 - -29. Let z = 88 - v. List the prime factors of z.
2, 13
Let s(d) = -d**3 - 10*d**2 - 11*d - 11. Let q = -21 - -12. Let t be s(q). Suppose 0 = t*p - 3*p - 28. List the prime factors of p.
7
Suppose n = a + 3919, -3*n + 2336 = -4*a - 9420. List the prime factors of n.
2, 5, 7
Let o = 9 - 9. Let u(i) = 14 + i + 2*i**2 - i**3 + 4 - 3*i**2 - 1. What are the prime factors of u(o)?
17
Let w(k) = -k**2 + 7*k - 7. Let b be w(5). Suppose 6 = -f + 5*f + 2*d, -5*f - b*d + 7 = 0. Suppose 20 = 7*a - f*a. What are the prime factors of a?
2
Suppose 8*r - 794 = 1318. What are the prime factors of r?
2, 3, 11
List the prime factors of 1788/8 - -4*(-3)/(-24).
2, 7
Let y = -7 - -20. Let x(g) = -4 + 12 + g + y - 8. List the prime factors of x(0).
13
Let a(q) = -q**2 + 5*q - 2. Suppose -7*g = -3*g - 16. Let y be a(g). Suppose 3*t - 12 = 0, -f - y*t - 7 = -62. List the prime factors of f.
47
Let x(d) = -7*d + 4. Let l be x(-5). Let b be 13/3 - (-26)/l. List the prime factors of 38/8*(b + -1).
19
Suppose -2*k - 347 + 855 = 0. What are the prime factors of k?
2, 127
Let i = 6 + -3. Suppose -i*v + 0*v = -126. What are the prime factors of v?
2, 3, 7
Suppose -4*w + a + 168 = 0, 21*a = 2*w + 20*a - 84. What are the prime factors of w?
2, 3, 7
Let k(v) = v**3 - 40*v**2 + 133*v + 85. List the prime factors of k(37).
29, 31
What are the prime factors of (401 - 42)/((-1 - -2)/1)?
359
Let j(k) = -k**2 - 9*k - 11. Let u be j(-8). Let q be (u - (-3)/2)*36. Let z = -17 - q. List the prime factors of z.
37
Let i be 4 + (2 - -153)/5. Suppose -5*j = -0*j - i. What are the prime factors of j?
7
Let x = 95 + 314. What are the prime factors of x?
409
Suppose p - 2*z = -24 + 7, -3*p + z - 71 = 0. Let f = 38 + p. What are the prime factors of f?
13
Let b = 1889 - 537. What are the prime factors of b?
2, 13
Let p(s) = 76 - s - s + 0*s - 2*s. What are the prime factors of p(0)?
2, 19
Let b(h) = -h**3 - 4*h**2 + 3*h - 11. Let k be b(-4). Let q = k + 32. List the prime factors of q.
3
Let y(p) = p**3 + 4*p + 1170. What are the prime factors of y(0)?
2, 3, 5, 13
Suppose i = 5*p + 3058, -3*p = 37*i - 36*i - 3082. What are the prime factors of i?
7, 439
Suppose -286 = -4*n + 1166. What are the prime factors of n?
3, 11
Suppose 3*r = r + 6. What are the prime factors of (441/(-6))/(r/(-4)) - 0?
2, 7
Let q be (-48)/9 - (-12)/(-18). Let s be ((-15)/(-10))/(q/(-8)). Suppose -s*r + o + 95 = -2*o, 102 = 2*r + 4*o. List the prime factors of r.
7
Let m(v) = -2*v**3 + 2*v**2 + 4*v - 7. Let g be m(-3). Let k = g + -20. What are the prime factors of k?
3, 11
Let m be 2/6*0/2. Suppose 2*k + 258 = 4*i - m*k, 249 = 4*i + k. Suppose -d + 4*d + 41 = 2*c, 3*d + i = 3*c. What are the prime factors of c?
2, 11
Let r(d) = d**2 - 10*d + 4. Let j be r(16). Suppose 11*f = 15*f - j. What are the prime factors of f?
5
Let m = 29 - 24. Suppose 0 = -6*y + m*y + 52. What are the prime factors of y?
2, 13
Let g(y) = -3*y + 25. Let f be g(11). List the prime factors of ((-4)/5)/(f/40).
2
Let f be (6/(-9))/(1/(-3)). Let m(k) = 9*k - 3. Let b be m(f). Let s = 43 - b. What are the prime factors of s?
2, 7
Suppose 3*g + 5 = 65. Suppose 5*b - 4*m - g = 400, 3*b - 259 = m. What are the prime factors of b?
2, 11
Let j be 4/2 + (0 - 1)*-2082. What are the prime factors of j/14 - (-1)/7?
149
Suppose -3*k + 5*x = 5, -2*x - 1 + 3 = 2*k. Let f(r) = r**2 - r + 67. What are the prime factors of f(k)?
67
Suppose -2*l + 73 = 67. Suppose -3*a + 16 = a. Suppose -a*b + l*b + 17 = 0. List the prime factors of b.
17
Suppose 0*j - 4*j = -i + 552, 4*i + j - 2276 = 0. What are the prime factors of i?
2, 71
Let i = -12 - -36. Let n = -4 + i. List the prime factors of n.
2, 5
What are the prime factors of 131/786 + (0 - (-5554)/12)?
463
Suppose 23*r - 10089 = 14*r. What are the prime factors of r?
19, 59
Let f = 105 - 19. Suppose 0 = -3*u + 4*r + 183 + f, -5*u - 2*r + 457 = 0. What are the prime factors of u?
7, 13
Let y = -14 - -19. Suppose -o + y*o = 4*h + 160, -4*h - 125 = -3*o. List the prime factors of o.
5, 7
Suppose 3*d + 2*c + 31 + 8 = 0, -5*d - 5*c = 60. What are the prime factors of (-1187)/d + 20/(-150)?
79
Suppose 2*a + 852 = 2*h, h + 2*a - 5*a = 430. Suppose 0 = 7*b + b - h. List the prime factors of b.
53
Suppose 6 = t + 2. List the prime factors of 208 - (-4)/8*t.
2, 3, 5, 7
List the prime factors of -8 + 13 - -1 - (-2 + -4545).
29, 157
Let z be (-7 - (0 - 1)) + 2 + -2. What are the prime factors of 55 - 2/(z/2 + 4)?
53
Let w(a) = -a**3 - 6*a**2 - 5*a + 1. Let t be ((-5)/(-2))/((-1)/2). Let p be w(t). What are the prime factors of (4 - -2)/(p/6)?
2, 3
Let k(j) = 668*j**2 - 4*j - 1. What are the prime factors of k(-1)?
11, 61
Suppose -7*h + 58 = -40. Let s(b) = b**2 - 6*b - 5. Let a be s(7). Suppose 2*q - a = h. List the prime factors of q.
2
List the prime factors of (-18)/(-72) - 4963/(-4).
17, 73
Let r(o) = -65*o + 791. List the prime factors of r(-35).
2, 3, 7, 73
Suppose -2*x = -0*x + 12. List the prime factors of (-723)/(-9) + x/(-9).
3
Suppose -5*y = 4*p + 15, -y + 25 = -2*p - 0*y. Let w be -1 - -10*(-45)/p. Let j = w + -3. List the prime factors of j.
41
Suppose 34*r - 12 = 37*r. Let d(u) = u**2 - 5*u - 20. List the prime factors of d(r).
2
Suppose -17 = 3*a - 2, 5*c - 45 = 4*a. Suppose -z + 3*v = 5, -4*v = c*z - 97 + 27. List the prime factors of z.
2, 5
Suppose -4*w + w + 4*y - 72 = 0, 12 = 4*y. What are the prime factors of (144/(-15))/((0 + 1)/w)?
2, 3
Let h(k) be the third derivative of -k**4/6 - 13*k**3/3 + 12*k**2. What are the prime factors of h(-9)?
2, 5
Suppose 0 = -85*p + 1197 + 154183. What are the prime factors of p?
2, 457
Suppose 3*k + k + 24 = 2*w, 5*w + 4*k - 18 = 0. Let h = w + -9. Let c(i) = 6*i**2 - 5*i - 6. What are the prime factors of c(h)?
3, 7
Suppose 0 = -5*w - 3*d + 1559, 77 = -w + 2*d + 381. Suppose 3*f - w = -5*r, 3*f + 5*r = 4*r + 314. What are the prime factors of f?
3, 5, 7
Suppose -45*y = 12*y - 33459. What are the prime factors of y?
587
Suppose -b + 7*b - 390 = 0. Suppose 0 = -60*q + b*q - 870. What are the prime factors of q?
2, 3, 29
Let m be (-6)/(-3) + (-129)/(-3). Let r = m - 2. List the prime factors of r.
43
Let m(x) = -6*x - 22. Let w be m(-12). Suppose -4*t - w = -318. What are the prime factors of t?
67
Let k = 588 + -88. Suppose -14*w + k = -10*w. What are the prime 